1/v) a composite number?
True
Suppose 146 - 38 = -18*o. Let c(x) = 32*x**2 - 12*x - 25. Is c(o) composite?
True
Let d(t) = 3*t**2 + 3*t + 37. Let l be d(19). Let v = l + 1050. Is v a composite number?
True
Let s = 4529 - 2262. Is s a prime number?
True
Suppose -f = 2*f - c - 33, -4*f = c - 44. Suppose -15171 = -2*y - f*y. Is y prime?
False
Is (-60)/(-18) - 4 - 5446/(-6) a composite number?
False
Let q = 3 + -3. Suppose q*v = 4*v - 560. Suppose -2*d = 2*d - v. Is d a composite number?
True
Let j = -25 + 17. Let f(d) = d**2 + 10*d + 17. Let v be f(j). Is (-1)/(v/(-69)*3) a composite number?
False
Suppose -3*u - 5*k = -142, 6*u - 2*u + 2*k - 180 = 0. Suppose 0 = -2*s - 5*c - 173, -38 = s - 2*c + u. Let w = s - -343. Is w prime?
False
Suppose -2*o = 7*v - 5*v - 2306, v - 1155 = -2*o. Is v composite?
False
Suppose -4665 - 3966 = -7*y. Let i = -326 + y. Is i a prime number?
True
Let z(x) = -268*x - 1173. Is z(-28) composite?
True
Suppose 6*c = 2*c + 12. Suppose 2*f - c = 5*f. Is f*-2*1052/8 a composite number?
False
Let g = 713 + 98. Is g prime?
True
Is (3 - (-77)/(-14)) + 815084/8 composite?
True
Let i(b) be the first derivative of 31*b**3 + 3*b**2/2 + b + 20. Is i(2) prime?
True
Let p(b) = 4*b**3 - 2*b**2 + 15*b + 23. Is p(8) prime?
True
Suppose -p + 3*p = 2. Let t be (-2 + 4 + 51)*p. Suppose t = -j + 2*j. Is j prime?
True
Suppose 5*w - 7629 = -5*r + 15796, 18742 = 4*r + 3*w. Is r a composite number?
True
Is (-17 + 12)*(-349130)/50 composite?
False
Suppose -d = 0, -2*t - 5*d = -t - 4515. Suppose -876 = 3*z - t. Is z a composite number?
False
Let t(u) = 238*u**2 + 3. Let g = -6 + 8. Let x be t(g). Suppose -4*i = -9*i + x. Is i a composite number?
False
Suppose -3*y + 7414 = c, 33*c + 4*y - 37059 = 28*c. Is c a composite number?
False
Suppose 11*u - 9*u - 712 = 0. Let y = u - 215. Is y prime?
False
Let v be ((-80)/(-25) - 2)*-5. Let o(s) = -31*s - 12. Let g(h) = -32*h - 13. Let c(y) = -5*g(y) + 6*o(y). Is c(v) a composite number?
False
Let r be (-1)/(-3) + 188/3. Let m be (-228)/39 - -6 - 37/(-13). Suppose m*l - r = 6. Is l a composite number?
False
Let x(z) = 8*z**2 + z. Let w be x(-1). Let v(n) = -n**2 + 8*n - 5. Let l be v(w). Suppose -422 = -l*c - u, c = -2*c - 4*u + 633. Is c composite?
False
Is 8831/7 + 10/(70/3) prime?
False
Let j = 40 - 37. Suppose -j*w = x - 1856, -7*x - 2*w + 9241 = -2*x. Is x prime?
True
Let j(w) = 70*w - 1. Let b be (24/(-9))/(6/(-9)). Let h be b - 5/(15/(-42)). Is j(h) composite?
False
Suppose -94903 = -3*l + 2*k, -5*l + 91985 + 66196 = -k. Is l composite?
True
Let h = -75 + 72. Is (-83)/h*((-12)/(-1))/4 composite?
False
Let v(o) = -o**2 + 2*o + 1651. Let c be v(0). Is c + -2 - (-8 - -5 - -1) a composite number?
True
Suppose 2*d + 6208 = -5*n, 0 = 3*n - 0*n - 3*d + 3729. Let r = 1927 + n. Is r a prime number?
False
Is 2 - -9670 - (6 + -11) a prime number?
True
Let j(x) = -113*x. Suppose 2*w + 4 = -0*w. Let m be j(w). Suppose -5*l = -3*r + 110 + 225, -2*r = -2*l - m. Is r a prime number?
False
Suppose 5*j + 4*z - 32 = 1, -4*j + 3*z = -14. Suppose 5*t + 178 = -0*r - 2*r, -j*r = 3*t + 407. Is (-3)/4 - r/4 a composite number?
False
Let b be 1/4 + (-33)/(-12). Suppose 33*p - 1032 = 29*p. Suppose -i + b*i = p. Is i composite?
True
Suppose 109700 + 261097 = 21*m. Is m a prime number?
True
Let r(z) = -6*z**3 - z**2 + z + 4. Let j(c) be the second derivative of c**5/20 + c**3/6 - 2*c. Let s(t) = 4*j(t) + r(t). Is s(-3) composite?
True
Let f = -1655 + 748. Let s(k) = -k**3 - k**2 + k - 86. Let w be s(0). Let v = w - f. Is v a composite number?
False
Let t(o) = -o + 14. Let s be t(5). Suppose 0*v - s*v = -32787. Is v prime?
True
Let s = 1 - -6. Let h be (0 - 113) + -5 + s. Let x = h - -168. Is x a prime number?
False
Suppose -12*r + 4*r + 15672 = 0. Is r prime?
False
Let f = 126712 + -71421. Is f a prime number?
True
Suppose 3*r + r = 24. Let h = -105 - -108. Is h/9 + 352/r a prime number?
True
Is 5143 + -5 - (-13 - -4) a prime number?
True
Let o(x) = -x**3 + 2*x - 369. Let y(p) = -5*p**3 + 11*p - 1844. Let t(d) = -11*o(d) + 2*y(d). Suppose -5*n = -n. Is t(n) a prime number?
False
Let u(l) = 20*l**2 + 42*l - 13. Is u(21) a composite number?
False
Let w(n) = -8*n + 10*n - 11 + 2. Let d be w(8). Suppose 5*t - d = 38. Is t a composite number?
True
Suppose -5*c = c - 288. Suppose 0 = -4*p + 3*s + 499, 4*p - 469 = -3*s + c. Is p prime?
True
Suppose 132 = 2*h + 36. Let r = 229 - 158. Let b = r - h. Is b prime?
True
Suppose 3 = 5*r - 4*r. Let s be ((-6)/r - -1) + 86. Suppose -h + s + 18 = 0. Is h a composite number?
False
Let s be ((-2)/(-4))/((-3)/(-36)). Let i(t) = 11*t**2 + 6*t + 2. Let v be i(s). Suppose 0 = 4*z - 6*j + 5*j - v, -3*z + 333 = 3*j. Is z composite?
False
Suppose 0 = 8*v - 25746 - 3366. Is v a prime number?
False
Suppose -5*r - 2*z = -451, 5*r + 3*z = 207 + 247. Suppose -8*s - r = -15345. Is s composite?
False
Let d(v) = v**3 + 10*v**2 - 13*v - 6. Let b be d(-10). Suppose 67 = c - b. Is c prime?
True
Let k be 11/(-3) - 2/6. Let u be (-395)/18 + 30/(-540). Is (-79)/(k + u/(-6)) prime?
False
Let k(f) be the second derivative of f**6/48 + 7*f**5/120 + 5*f**4/12 + 3*f. Let w(i) be the third derivative of k(i). Is w(8) composite?
False
Let a(m) = 556*m + 149. Is a(8) composite?
False
Let q(t) be the second derivative of 37*t**3/6 + 5*t**2 + t. Let s(h) = -h**3 - 4*h**2 + 5*h + 7. Let n be s(-5). Is q(n) a composite number?
False
Let a(q) = 2*q**2 + 7*q - 6. Let j be a(-3). Is 653 - 2 - 3*(-12)/j prime?
True
Suppose 457 = 3*p - 7*a + 2*a, -4*p + 5*a = -611. Suppose 0 = -5*w - 2*i + 538, 3*w - 184 = -5*i + p. Is (-1)/(((-4)/w)/2) prime?
True
Let w = -17 - -17. Suppose 8 = 2*n - 4*c, w*c = 3*c. Suppose -n*t + 352 = -4. Is t a prime number?
True
Let y = -52 - -80. Suppose -5*u - x + y + 126 = 0, -4*x - 4 = 0. Is u a prime number?
True
Suppose -2*l + 8*m = 3*m - 11882, -5*m + 17873 = 3*l. Is l composite?
True
Suppose 5*x - 4*x - 22 = 0. Suppose -x*h = -25*h + 483. Is h a composite number?
True
Let l(s) = -1954*s + 641. Is l(-8) prime?
True
Let n be 0 + (-6)/(((-63)/(-6))/(-7)). Suppose -2*b + 4*o = -1488, -2*b - n*o = -o - 1495. Is b a prime number?
False
Suppose 3*a = 76 + 800. Suppose -a = -2*f + f. Suppose w + 3*h = 94, f - 84 = 2*w + 2*h. Is w a composite number?
False
Let l(w) = -w**3 + 2*w**2 - 573. Let k be l(0). Let x = -294 - k. Let i = x - -410. Is i a prime number?
False
Suppose 0 = 103*t - 108*t - 1420. Let g = t - -487. Is g prime?
False
Let m = -521 + 1384. Is m a prime number?
True
Suppose 5*m = 4*q - 112785, 0 = -2*m - 2. Is q a prime number?
False
Suppose -8*i - 670 = -10262. Suppose 0 = -6*d + 85 + i. Is d prime?
False
Suppose l + 0*l - 193 = 0. Let p = -85 - -89. Suppose l = p*g - 819. Is g composite?
True
Suppose f + 1822 = 3*f. Let h = -376 + f. Is h prime?
False
Suppose 0 = 4*b - 4*q - 53156, -26580 = -0*b - 2*b + q. Is b composite?
False
Let m(z) = -2*z - 44. Let k be m(0). Let i(v) = 104*v**3 - v**2 - v + 1. Let s be i(1). Let o = k + s. Is o composite?
False
Suppose n - 5*n = -72. Let a = 13 - n. Let h(v) = -53*v + 12. Is h(a) prime?
True
Suppose 4*w = -2*b + 5*b - 85, -4*b + 3*w = -104. Let v = b + -1. Is v prime?
False
Suppose 4*q + 2*z - 25344 = 0, -q + 6333 = -3*z + 5*z. Is q prime?
True
Suppose 5*x = 4*h + 9419, -4*x + 5*h = x - 9420. Is x prime?
False
Let n(z) be the second derivative of 3*z**5/10 - z**4/6 + z**3/3 - z**2/2 + 4*z. Let l be n(1). Suppose 166 = c + 5*j - 2*j, -l*c - 5*j = -800. Is c prime?
True
Let s(q) = -q**2 + 7*q - 4. Let k be s(6). Suppose 12 = -3*b, k*r + 43 - 645 = 2*b. Let u = r + 496. Is u prime?
False
Let f(x) = -x**3 + 1. Let r be f(1). Suppose r = -2*l - 2. Let n(o) = -21*o**3 + o**2 - 1. Is n(l) prime?
False
Let s = -15391 + 38912. Is s composite?
True
Let d(t) = 17*t**2 + 12*t - 90. Is d(11) composite?
False
Let g be (-1552)/60*-9*5. Suppose -3*s = 3*t - g + 390, 4*s = 2*t + 1026. Is s a composite number?
False
Suppose 2*u = w + 1 - 8, 0 = -4*w - 3*u + 17. Let f = w - 38. Is 6/f + (-3933)/(-33) prime?
False
Let v = -8714 - -15475. Is v a composite number?
False
Let q(h) = 3 + h**2 + 2 + 0 - 1. Let m be q(5). Suppose -3*d + 392 = m. Is d a prime number?
False
Let d(q) = -q**2 + 3*q + 382. Is d(0) a prime number?
False
Let g(c) = -1376*c + 187. Is g(-3) a composite num